{"id":7,"date":"2016-08-21T18:55:39","date_gmt":"2016-08-21T18:55:39","guid":{"rendered":"http:\/\/thilinizach.wordpress.com\/?page_id=1"},"modified":"2025-07-07T17:20:50","modified_gmt":"2025-07-07T17:20:50","slug":"eine-seite","status":"publish","type":"page","link":"https:\/\/thilinizach.de\/?page_id=7","title":{"rendered":"Biografie"},"content":{"rendered":"<p><img decoding=\"async\" loading=\"lazy\" class=\"alignnone wp-image-799 \" src=\"http:\/\/thilinizach.de\/wp-content\/uploads\/2025\/07\/IMG_7762_bb-300x200.jpg\" alt=\"\" width=\"374\" height=\"249\" srcset=\"https:\/\/thilinizach.de\/wp-content\/uploads\/2025\/07\/IMG_7762_bb-300x200.jpg 300w, https:\/\/thilinizach.de\/wp-content\/uploads\/2025\/07\/IMG_7762_bb-845x563.jpg 845w, https:\/\/thilinizach.de\/wp-content\/uploads\/2025\/07\/IMG_7762_bb-768x512.jpg 768w, https:\/\/thilinizach.de\/wp-content\/uploads\/2025\/07\/IMG_7762_bb-1536x1024.jpg 1536w, https:\/\/thilinizach.de\/wp-content\/uploads\/2025\/07\/IMG_7762_bb-2048x1365.jpg 2048w\" sizes=\"(max-width: 374px) 100vw, 374px\" \/><\/p>\n<p>Thilini Zach, geboren in Sri Lanka, kam 1993 mit ihrer Familie nach Bremen. Sie absolvierte Ihr Studium 2007 an der Hochschule f\u00fcr K\u00fcnste im Sozialen und ist als freischaffende K\u00fcnstlerin t\u00e4tig.<\/p>\n<p>Ihr k\u00fcnstlerischer Schwerpunkt liegt in der Malerei mit \u00d6l und Acryl.<\/p>\n<p>Bevor sie 2021 ihr Atelier im Atelierhaus Friesenstra\u00dfe im Bremer Viertel bezog, malte sie ihre Werke im K\u00fcnstlerhaus G\u00fcterbahnhof.<\/p>\n<p>Ihre Bilder zeigen oft die Natur und ihre Landschaften. Sie zeichnen sich dadurch aus, dass es keine Naturstudien sind, sondern gef\u00fchlte, fiktive Landschaften, die ohne konkrete Vorlage entstehen und echte Naturerlebnisse darstellen.<\/p>\n<p>Die K\u00fcnstlerin gibt ihr Empfinden der Farben und Formen aus reinem Gef\u00fchl heraus in ihren Bildern wieder.<\/p>\n<p>Das gilt ebenso f\u00fcr ihre abstrakten Bilder und Zeichnungen, die sie teils aus Inspiration, Emotion oder aus reiner Intuition heraus entstehen l\u00e4sst.<\/p>\n<p>Warum sie die Natur so sehr fasziniert:<\/p>\n<p>Ich glaube es k\u00f6nnte daran liegen, dass ich in Sri Lanka geboren bin und mich dort schon als Kind in der \u00fcppigen Natur aufgehalten habe. In der Natur f\u00fchle ich mich immer sehr wohl. Sie gibt mir all die Inspirationen, die ich f\u00fcr meine Kunst brauche. Ich glaube, dass die Natur einfach in mir drin ist und wenn ich vor der Leinwand sitze, ist es so wie ich es in einem Gedicht zu Papier gebracht habe:<\/p>\n<p>\u201eIch sauge die Natur in mich auf und lasse sie sich auf meiner Leinwand ausbreiten und sich nach Lust und Laune austoben.\u201c<\/p>\n<p>\u201cWenn ich jemanden tief ber\u00fchren und an einen anderen Ort versetzen kann, oder ein freudiges L\u00e4cheln bei der Betrachtung entsteht, dann ist es f\u00fcr mich ein gelungenes Bild\u201d, sagt Thilini Zach \u00fcber ihre Arbeit.<\/p>\n<p><strong>Letzte Ausstellungen<\/strong>:<\/p>\n<p><strong>Einzelausstellungen (Auswahl)<br \/>\n<\/strong><\/p>\n<p>2023 \u201eLeise Landschaften&#8220;, Overbeck-Museum, Vegesack<\/p>\n<p>2022 \u201eIllusion oder Wirklichkeit\u201c, Atelierhaus Friesenstra\u00dfe, Bremen<\/p>\n<p>2021 Stiftungshaus Bremen<\/p>\n<p>2020 \u201eMelodie der Natur\u201c, Haus Paula Becker, Bremen<\/p>\n<p><strong>Gruppenausstellungen (Auswahl)<br \/>\n<\/strong><\/p>\n<p>2026 Villa Sponte, Bremen<\/p>\n<p>2025\u00a0 BBK Galerie Oldenburg<\/p>\n<p>2022 \u201eSchenk mir eine Taube\u201c, Villa Sponte, Bremen<\/p>\n<p>2021 \u201eNominiert f\u00fcr den Werner-K\u00fchl-Preis\u201c, Kreismuseum Syke<\/p>\n<p>2021 Villa Sponte, Bremen<\/p>\n<p>Danke f\u00fcr Ihr Interesse.<\/p>\n","protected":false},"excerpt":{"rendered":"<p>Thilini Zach, geboren in Sri Lanka, kam 1993 mit ihrer Familie nach Bremen. Sie absolvierte Ihr Studium 2007 an der Hochschule f\u00fcr K\u00fcnste im Sozialen und ist als freischaffende K\u00fcnstlerin t\u00e4tig. Ihr k\u00fcnstlerischer Schwerpunkt liegt&hellip;<\/p>\n","protected":false},"author":1,"featured_media":0,"parent":0,"menu_order":0,"comment_status":"closed","ping_status":"open","template":"","meta":[],"_links":{"self":[{"href":"https:\/\/thilinizach.de\/index.php?rest_route=\/wp\/v2\/pages\/7"}],"collection":[{"href":"https:\/\/thilinizach.de\/index.php?rest_route=\/wp\/v2\/pages"}],"about":[{"href":"https:\/\/thilinizach.de\/index.php?rest_route=\/wp\/v2\/types\/page"}],"author":[{"embeddable":true,"href":"https:\/\/thilinizach.de\/index.php?rest_route=\/wp\/v2\/users\/1"}],"replies":[{"embeddable":true,"href":"https:\/\/thilinizach.de\/index.php?rest_route=%2Fwp%2Fv2%2Fcomments&post=7"}],"version-history":[{"count":36,"href":"https:\/\/thilinizach.de\/index.php?rest_route=\/wp\/v2\/pages\/7\/revisions"}],"predecessor-version":[{"id":801,"href":"https:\/\/thilinizach.de\/index.php?rest_route=\/wp\/v2\/pages\/7\/revisions\/801"}],"wp:attachment":[{"href":"https:\/\/thilinizach.de\/index.php?rest_route=%2Fwp%2Fv2%2Fmedia&parent=7"}],"curies":[{"name":"wp","href":"https:\/\/api.w.org\/{rel}","templated":true}]}}

<p><img decoding="async" loading="lazy" class="alignnone wp-image-799 " src="http://thilinizach.de/wp-content/uploads/2025/07/IMG_7762_bb-300x200.jpg" alt="" width="374" height="249" srcset="https://thilinizach.de/wp-content/uploads/2025/07/IMG_7762_bb-300x200.jpg 300w, https://thilinizach.de/wp-content/uploads/2025/07/IMG_7762_bb-845x563.jpg 845w, https://thilinizach.de/wp-content/uploads/2025/07/IMG_7762_bb-768x512.jpg 768w, https://thilinizach.de/wp-content/uploads/2025/07/IMG_7762_bb-1536x1024.jpg 1536w, https://thilinizach.de/wp-content/uploads/2025/07/IMG_7762_bb-2048x1365.jpg 2048w" sizes="(max-width: 374px) 100vw, 374px" /></p>
<p>Thilini Zach, geboren in Sri Lanka, kam 1993 mit ihrer Familie nach Bremen. Sie absolvierte Ihr Studium 2007 an der Hochschule für Künste im Sozialen und ist als freischaffende Künstlerin tätig.</p>
<p>Ihr künstlerischer Schwerpunkt liegt in der Malerei mit Öl und Acryl.</p>
<p>Bevor sie 2021 ihr Atelier im Atelierhaus Friesenstraße im Bremer Viertel bezog, malte sie ihre Werke im Künstlerhaus Güterbahnhof.</p>
<p>Ihre Bilder zeigen oft die Natur und ihre Landschaften. Sie zeichnen sich dadurch aus, dass es keine Naturstudien sind, sondern gefühlte, fiktive Landschaften, die ohne konkrete Vorlage entstehen und echte Naturerlebnisse darstellen.</p>
<p>Die Künstlerin gibt ihr Empfinden der Farben und Formen aus reinem Gefühl heraus in ihren Bildern wieder.</p>
<p>Das gilt ebenso für ihre abstrakten Bilder und Zeichnungen, die sie teils aus Inspiration, Emotion oder aus reiner Intuition heraus entstehen lässt.</p>
<p>Warum sie die Natur so sehr fasziniert:</p>
<p>Ich glaube es könnte daran liegen, dass ich in Sri Lanka geboren bin und mich dort schon als Kind in der üppigen Natur aufgehalten habe. In der Natur fühle ich mich immer sehr wohl. Sie gibt mir all die Inspirationen, die ich für meine Kunst brauche. Ich glaube, dass die Natur einfach in mir drin ist und wenn ich vor der Leinwand sitze, ist es so wie ich es in einem Gedicht zu Papier gebracht habe:</p>
<p>„Ich sauge die Natur in mich auf und lasse sie sich auf meiner Leinwand ausbreiten und sich nach Lust und Laune austoben.“</p>
<p>“Wenn ich jemanden tief berühren und an einen anderen Ort versetzen kann, oder ein freudiges Lächeln bei der Betrachtung entsteht, dann ist es für mich ein gelungenes Bild”, sagt Thilini Zach über ihre Arbeit.</p>
<p><strong>Letzte Ausstellungen</strong>:</p>
<p><strong>Einzelausstellungen (Auswahl)<br />
</strong></p>
<p>2023 „Leise Landschaften&#8220;, Overbeck-Museum, Vegesack</p>
<p>2022 „Illusion oder Wirklichkeit“, Atelierhaus Friesenstraße, Bremen</p>
<p>2021 Stiftungshaus Bremen</p>
<p>2020 „Melodie der Natur“, Haus Paula Becker, Bremen</p>
<p><strong>Gruppenausstellungen (Auswahl)<br />
</strong></p>
<p>2026 Villa Sponte, Bremen</p>
<p>2025  BBK Galerie Oldenburg</p>
<p>2022 „Schenk mir eine Taube“, Villa Sponte, Bremen</p>
<p>2021 „Nominiert für den Werner-Kühl-Preis“, Kreismuseum Syke</p>
<p>2021 Villa Sponte, Bremen</p>
<p>Danke für Ihr Interesse.</p>

<p>Thilini Zach, geboren in Sri Lanka, kam 1993 mit ihrer Familie nach Bremen. Sie absolvierte Ihr Studium 2007 an der Hochschule für Künste im Sozialen und ist als freischaffende Künstlerin tätig. Ihr künstlerischer Schwerpunkt liegt&hellip;</p>
